(p) = p**3 + p + 1. Let l(s) = 6*s**3 - 7*s**2 + 7*s - 3. Let r be 2 + 3 + -12 + (0 - -6). Let t(v) = r*l(v) + 5*m(v). What is t(7)?
-6
Let v(h) = -6*h**2 - 3*h - 37. Let f be v(-6). Let y = -230 - f. Let z(l) = 2*l - l + 5*l**2 - l**3 - 3*l + 5. Calculate z(y).
-5
Let j(l) = -46*l**3 - 45*l**3 + 5*l + l + 5*l**2 + 92*l**3 + 12. Calculate j(-4).
4
Let n(i) = 0 + 9*i + i - 5*i**2 - 1 - 3*i - i**3. Let b(p) = 17*p + 62. Let d be b(-4). What is n(d)?
-7
Let i(m) = -m - 2. Let d(j) = 6 + 5*j - 3 + 16*j**2 - 15*j**2. Let l(x) = d(x) - 4*i(x). Let a be (16/6)/(3/(-9)). Determine l(a).
3
Let u(r) = 348*r - 360*r - 99 - 101. Calculate u(-17).
4
Let u(m) = -3*m - 71. Let f(r) = 956*r - 4806. Let o be f(5). Give u(o).
7
Let d = 0 + -2. Let j(c) = 4*c - 11. Let m(a) = a - 3. Let h be 15/60*-4*(-2)/2. Let p(x) = h*j(x) - 3*m(x). Calculate p(d).
-4
Let y(v) be the first derivative of -v**4/4 + v**3/3 + 3*v**2/2 + 4*v + 1. Let s = 91 - 65. Let a be (9/(-6))/((-13)/s). Give y(a).
-5
Let w(k) = 2*k**2 - k + 3. Let y be (-10 + 14)*2/(-3 - 1). Let a be y*(-9)/36*-4. Give w(a).
13
Let g(x) = -126*x + 1134. Let m be g(9). Let w(l) = -l**3 + 2*l**2 + l - 4. Calculate w(m).
-4
Let y = 4916 - 4919. Let a(q) = q**3 - q**2 - q + 1. Let b(k) = -2*k**3 + 6*k**2 + 4*k - 3. Let g(m) = -4*a(m) - b(m). What is g(y)?
35
Suppose -188 - 32 = t. Let m = t - -215. Let z(c) = -c**2 - 2*c + 6. What is z(m)?
-9
Let g(l) = -16*l - 41. Let a(r) = 31*r + 69. Let d(m) = 3*a(m) + 5*g(m). Let t be -2 + 20/4 + 0. What is d(t)?
41
Let s(f) = 6532*f - 1634*f - 1629*f - 1635*f - 37 - 1625*f. Calculate s(7).
26
Let x(d) = 3*d**3 + 248*d**2 - 86*d - 253. Let t be x(-83). Let g(k) = 3*k**2 + 12*k + 13. Calculate g(t).
13
Let o(l) = 1470*l - 2 - 722*l - 12 - 751*l. Let t(p) = -3*p + 1. Let q be t(3). Determine o(q).
10
Let h(n) = -n**2 - 14*n - 13. Let c(f) = 2*f**2 - 2*f - 48. Let p be c(7). Suppose 36 + p = -6*x. What is h(x)?
11
Let a(f) = 12*f + 171. Let z be a(-14). Suppose 7*r - 2*r = b + 14, -z*b = 5*r + 22. Let l(p) = -p**2 - 8*p + 7. Determine l(b).
-2
Suppose -4*v = v - 35. Let b(r) be the third derivative of -r**4/8 + 7*r**3/6 + 2*r**2 - 4*r - 359. Determine b(v).
-14
Let d(m) = -6*m**3 + m**2 + m - 1. Suppose 205 = -6*h + 259. Suppose -12 = -15*n + h*n. Determine d(n).
-43
Let g(i) = i**3 - 28*i**2 - 60*i - 4. Suppose 5*v - 110 = -41*o + 38*o, 2*v = -o + 38. Calculate g(o).
-4
Let a(z) be the first derivative of z**3/3 + 17*z**2/2 - 63*z - 9128. What is a(-20)?
-3
Let b(z) = z**3 + 11*z**2 + 24*z + 45. Let q = -2066 - -2057. Calculate b(q).
-9
Let z = 270 - 215. Let t(n) = -121 + z + 62 + n. Determine t(2).
-2
Let w(u) be the third derivative of -u**6/120 - 2*u**5/15 - 7*u**4/12 + 2*u**3 - 711*u**2 + u - 2. Give w(-5).
7
Let k(h) = 12*h - 15. Let q be k(3). Let o(l) = -q*l**2 - 5*l + 2 - 3 + 20*l**2 + 3. Calculate o(4).
-34
Let x(y) = 117*y - 10. Let l(w) = -15*w + 1. Let m(n) = 24*l(n) + 3*x(n). Give m(3).
-33
Let h(l) = 9 - 1 + 372*l - 371*l. Suppose 56 = 9*g - g. Let n be (-19)/(-7) + -3 + (-40)/g. What is h(n)?
2
Let f(b) be the third derivative of -b**5/30 - 23*b**4/12 - 7*b**3/2 - 4*b**2 + 490. Give f(-23).
-21
Let p = -135 + 140. Let d(i) = -2 + 13 + 2*i - p - 8. What is d(3)?
4
Let t(b) = b**2 + 3*b - 1. Let m = 196 - 196. Suppose 69*r - 52*r + 68 = m. Determine t(r).
3
Let k(m) = 7*m. Let z be k(-1). Let n = 40 + 671. Let u(s) = n*s**2 - 1421*s**2 + 711*s**2 + 4*s. Calculate u(z).
21
Let w(d) be the second derivative of 1/2*d**3 - 41*d - 3/2*d**2 + 0. What is w(-6)?
-21
Let j = 631 - 629. Suppose j*r + 11 = 2*d - 3, 18 = 4*d - 2*r. Let f(s) = 3*s - 5*s**2 - 2 + s**3 + 2*s**2 + s. Give f(d).
2
Let w = -20320 + 20323. Let l(s) be the first derivative of 13 - w*s**3 + 1/4*s**4 + 0*s + 0*s**2. Give l(9).
0
Let b(v) be the second derivative of -v**4/24 - 2*v**3 + 5*v**2 + 16*v. Let g(l) be the first derivative of b(l). Let j = -3 - -3. Give g(j).
-12
Let p(o) = -42*o + 166. Suppose 97*t = -1258 + 1646. Calculate p(t).
-2
Suppose -7*z = 115 - 346. Let g = 41 - z. Let r(x) be the third derivative of -x**5/60 + 5*x**4/12 - 5*x**3/3 + 20*x**2. Give r(g).
6
Let u(k) = 33*k - 793. Let w be u(24). Let m(b) = -14*b**2 + 16*b + 15. What is m(w)?
-15
Let p be 108/(-30)*10/(-4). Let x(t) = -3*t + p*t + 2759 + t**2 - 2761. Give x(-6).
-2
Let q(s) = -s**3 - 72*s**2 - 145*s - 347. Let g be q(-70). Let v(c) = 11*c - 4. Determine v(g).
29
Let n be (-12)/(-5)*135/27. Suppose -q - y = -n, 3*y - 4*y = -5*q + 30. Let w(i) = i. Determine w(q).
7
Let b(a) = 32*a + 183. Let k(h) = 17*h + 94. Let r(m) = -7*b(m) + 13*k(m). Calculate r(-20).
1
Let q(j) be the first derivative of j**4/4 - 7*j**3/3 - j**2/2 + 2*j + 9147. Determine q(7).
-5
Suppose 137*a - 141*a + 16 = 0. Suppose 3*v - v - 3*t + 13 = 0, -a*t = -3*v - 22. Let o be (26/v - 1)/((-2)/7). Let n(y) = -y**3 + 10*y**2 - y + 13. Give n(o).
3
Let d(c) = 3*c**2 + c**3 + 1 + 3*c**2 - 2*c**2 + 0*c + 3*c. Let b(t) = -15*t**2 - 9*t + 4. Let v be b(-1). What is d(v)?
3
Suppose -6 = -2*h + 4. Let b(r) be the first derivative of -r**5/30 + r**4/4 + 7*r**3 - 2. Let z(s) be the third derivative of b(s). Give z(h).
-14
Let z = -58 - -65. Suppose z = 7*a - 49. Let v(j) = -a + 2*j + 1 + 3. What is v(5)?
6
Let b(a) = 4*a + 10. Let p = 63 - -41. Suppose -6 = 106*l - p*l. Calculate b(l).
-2
Let m(h) be the third derivative of 0*h**4 + 0 + 1/6*h**3 + 1/60*h**5 + 0*h + 33*h**2. Calculate m(2).
5
Let g(a) = 41 + 14*a - 7*a + 46*a - 48. Calculate g(1).
46
Suppose 5*y + 153 = 148. Let i(b) = b**2 + 6*b + 2. Let t(z) = -2*z - 1. Let h(r) = y*t(r) + i(r). Suppose 0*d - 50 = 5*a + 5*d, 20 = -3*a + 2*d. Give h(a).
3
Let p(x) = x**2 - 19. Suppose 0*v = 2*n + 3*v - 33, 0 = -2*n - 4*v + 34. Suppose 24*u - n*u = 0. What is p(u)?
-19
Let i(g) be the third derivative of 3*g**4/8 + 89*g**3/2 + 1536*g**2 + 1. Give i(-31).
-12
Suppose -2*t + 27*f - 3 = 32*f, 3*t - 2*f = -14. Let c(h) = -h**2 + h - 2. Calculate c(t).
-22
Suppose -3*n + 5*r = -108, 20*n - 19*n + r = 28. Let v(a) = 6*a - 180. Determine v(n).
6
Let p(m) = 27*m**2 + 432*m - 12. Let n be p(-16). Let k(l) = -l**3 - 15*l**2 - 35*l + 1. Give k(n).
-11
Let g(k) = -9*k**2 - 19*k + 63. Let l(j) = 24*j**2 + 45*j - 156. Let r(s) = -17*g(s) - 7*l(s). Give r(-2).
-55
Let u(o) = -8*o + 1 + o**2 + 0 + 11*o. Let m(s) = 7*s - 27. Let w be m(-10). Let i = -102 - w. Give u(i).
11
Let l(k) = 91*k**3 + 20*k**2 - 15*k + 13. Let v(r) = 33*r**3 + 7*r**2 - 5*r + 4. Let w(m) = 4*l(m) - 11*v(m). Give w(-6).
-70
Let u = 21 + -2. Suppose u = -3*p + 7. Let k(i) be the second derivative of -i**5/20 - i**4/3 + 58*i. Determine k(p).
0
Let c(z) = 23*z - 121. Let b(h) = -2*h + 10. Let p(r) = -22*b(r) - 2*c(r). Give p(5).
12
Let l(f) be the second derivative of f**4/12 - 4*f**3/3 - 26*f**2 - 1167*f. What is l(12)?
-4
Let y(q) = 4*q. Let s(m) = -9*m. Let u(z) = -2*s(z) - 5*y(z). Suppose -2*p = 11 - 19. Calculate u(p).
-8
Let k be (-12)/(-20) - (-233)/(-5). Let n = k + 72. Suppose 5*m - 3*v - n = -7*v, 3*m - 4*v + 10 = 0. Let q(i) = i**2 - 2*i + 1. Give q(m).
1
Let h(i) be the third derivative of -9*i**4/8 + 62*i**3/3 + 112*i**2 - 11*i. Give h(5).
-11
Let f = 6 - 3. Let c = 0 + f. Let j(a) be the second derivative of a**3/3 - 3*a**2/2 + 12140*a - 2. Calculate j(c).
3
Let w(m) = 3*m**2 + 17*m**2 + m**3 - 58860793*m + 28 + 58860814*m. Determine w(-19).
-10
Let p(t) = -19*t**2 - 8*t - 5. Let k(y) = 52*y**2 + 22*y + 16. Let u(x) = 4*k(x) + 11*p(x). Determine u(7).
-40
Let f be 1 - (-2 + -5) - 1. Suppose h - 2*h + f = -3*d, 3*h - 3*d - 3 = 0. Let b(r) be the first derivative of -3*r**2/2 - 170. Give b(h).
6
Let z(n) = n**3 + 6*n**2 - 6*n + 8. Let p = -1 + 99. Suppose -3*u = -p + 119. What is z(u)?
1
Suppose 25 = -5*j, -a = -j - 8 - 6. Let c(b) = 9 - 5*b + 6*b**2 - 5*b**2 - 3 - a. Calculate c(4).
-7
Let s(c) = 839*c - 2*c**2 - 5*c**2 + 4*c**2 - 16 + 20 - 842*c. Give s(-2).
-2
Let j = -3 + 6. Let c(a) = -a + 83 - 3*a + a**2 - 77 - 2*a. Let t be c(j). Let q(m) = m**2 - m - 3. Calculate q(t).
9
Let c(o) = 2*o**3 + 25*o**2 - 12*o + 16. Let m be c(-13). Let r be (10/m*6/10)/2. Let j(d) = d - 1. Give j(r).
0
Let p(v) be the second derivative of v**4/12 - v**3/3 - 7*v**2/2 - 5892*v. Determine p(-8).
73
Let b(c) = c**3 + 3*c**2 - 5*c + 7. Let t = 3703 - 3708. Determi